at is the millions digit of 23129912?
3
What is the tens digit of 366187?
8
What is the tens digit of 974088?
8
What is the hundreds digit of 586733?
7
What is the hundred thousands digit of 563388?
5
What is the ten thousands digit of 180502?
8
What is the thousands digit of 2625073?
5
What is the ten thousands digit of 574960?
7
What is the units digit of 225737?
7
What is the units digit of 8825619?
9
What is the tens digit of 67664?
6
What is the millions digit of 7774065?
7
What is the thousands digit of 58060?
8
What is the thousands digit of 430910?
0
What is the millions digit of 11382103?
1
What is the hundreds digit of 258799?
7
What is the hundred thousands digit of 119327?
1
What is the hundred thousands digit of 867422?
8
What is the units digit of 148034?
4
What is the millions digit of 4196798?
4
What is the units digit of 570289?
9
What is the units digit of 1349327?
7
What is the tens digit of 96933?
3
What is the tens digit of 289294?
9
What is the thousands digit of 229043?
9
What is the thousands digit of 72264?
2
What is the tens digit of 134558?
5
What is the millions digit of 1283733?
1
What is the ten thousands digit of 63768?
6
What is the tens digit of 161853?
5
What is the thousands digit of 1622523?
2
What is the ten thousands digit of 3270681?
7
What is the tens digit of 530928?
2
What is the hundreds digit of 148018?
0
What is the thousands digit of 2054888?
4
What is the tens digit of 28932000?
0
What is the hundred thousands digit of 9560287?
5
What is the ten thousands digit of 2245455?
4
What is the tens digit of 378408?
0
What is the tens digit of 9251443?
4
What is the hundred thousands digit of 2713427?
7
What is the hundred thousands digit of 1228130?
2
What is the hundreds digit of 666635?
6
What is the thousands digit of 3736655?
6
What is the thousands digit of 181782?
1
What is the hundreds digit of 9885928?
9
What is the hundreds digit of 13004?
0
What is the units digit of 615035?
5
What is the units digit of 446592?
2
What is the hundreds digit of 3354880?
8
What is the ten thousands digit of 7051089?
5
What is the ten thousands digit of 272701?
7
What is the tens digit of 12518?
1
What is the hundreds digit of 1268485?
4
What is the hundreds digit of 427775?
7
What is the hundred thousands digit of 15158192?
1
What is the ten thousands digit of 4816251?
1
What is the hundreds digit of 16265100?
1
What is the ten thousands digit of 3071278?
7
What is the ten thousands digit of 395499?
9
What is the ten thousands digit of 234992?
3
What is the hundred thousands digit of 11205534?
2
What is the tens digit of 8389220?
2
What is the ten thousands digit of 32713828?
1
What is the tens digit of 9130976?
7
What is the units digit of 320552?
2
What is the ten thousands digit of 31453581?
5
What is the tens digit of 4053211?
1
What is the ten thousands digit of 119852?
1
What is the thousands digit of 806268?
6
What is the units digit of 8314?
4
What is the ten thousands digit of 628061?
2
What is the millions digit of 2335110?
2
What is the millions digit of 8569321?
8
What is the thousands digit of 166742?
6
What is the ten thousands digit of 708943?
0
What is the ten thousands digit of 371483?
7
What is the ten thousands digit of 6811107?
1
What is the units digit of 34552861?
1
What is the ten thousands digit of 25589830?
8
What is the millions digit of 4052514?
4
What is the units digit of 33738284?
4
What is the units digit of 6690167?
7
What is the hundred thousands digit of 602983?
6
What is the ten millions digit of 17502698?
1
What is the tens digit of 2946487?
8
What is the millions digit of 12021467?
2
What is the hundred thousands digit of 200210?
2
What is the hundreds digit of 132473?
4
What is the thousands digit of 56755?
6
What is the units digit of 388031?
1
What is the hundreds digit of 84175?
1
What is the ten thousands digit of 3164796?
6
What is the hundred thousands digit of 696697?
6
What is the units digit of 717474?
4
What is the ten thousands digit of 1190805?
9
What is the units digit of 9032290?
0
What is the units digit of 1842999?
9
What is the hundreds digit of 297745?
7
What is the millions digit of 1895700?
1
What is the tens digit of 6183246?
4
What is the units digit of 453744?
4
What is the tens digit of 90864?
6
What is the hundreds digit of 402357?
3
What is the units digit of 199835?
5
What is the units digit of 7521037?
7
What is the millions digit of 6705711?
6
What is the units digit of 701504?
4
What is the hundred thousands digit of 428731?
4
What is the thousands digit of 370029?
0
What is the ten millions digit of 23335186?
2
What is the ten thousands digit of 2990082?
9
What is the hundreds digit of 23516589?
5
What is the units digit of 808639?
9
What is the tens digit of 3992700?
0
What is the tens digit of 36823393?
9
What is the hundred thousands digit of 980235?
9
What is the millions digit of 1367346?
1
What is the tens digit of 736326?
2
What is the units digit of 88985?
5
What is the thousands digit of 1114332?
4
What is the hundreds digit of 5055753?
7
What is the tens digit of 7126460?
6
What is the ten thousands digit of 216112?
1
What is the hundreds digit of 1323923?
9
What is the thousands digit of 267875?
7
What is the ten thousands digit of 262335?
6
What is the thousands digit of 87562?
7
What is the hundreds digit of 141987?
9
What is the tens digit of 189926?
2
What is the tens digit of 4120854?
5
What is the hundred thousands digit of 441868?
4
What is the ten thousands digit of 297453?
9
What is the hundreds digit of 800860?
8
What is the units digit of 8162024?
4
What is the ten thousands digit of 8524383?
2
What is the ten thousands digit of 17207566?
0
What is the hundred thousands digit of 9204630?
2
What is the hundred thousands digit of 416902?
4
What is the units digit of 120504?
4
What is the tens digit of 26128?
2
What is the thousands digit of 2606159?
6
What is the hundred thousands digit of 380878?
3
What is the hundreds digit of 31520?
5
What is the thousands digit of 177622?
7
What is the hundreds digit of 998796?
7
What is the hundreds digit of 545120?
1
What is the tens digit of 289059?
5
What is the hundreds digit of 11643607?
6
What is the ten thousands digit of 458123?
5
What is the millions digit of 5855060?
5
What is the hundreds digit of 142192?
1
What is the ten thousands digit of 6490394?
9
What is the thousands digit of 7559405?
9
What is the ten thousands digit of 239385?
3
What is the hundred thousands digit of 2901045?
9
What is the ten thousands digit of 140847?
4
What is the tens digit of 459471?
7
What is the ten thousands digit of 6999175?
9
What is the ten thousands digit of 735050?
3
What is the tens digit of 3003664?
6
What is the units digit of 9176959?
9
What is the thousands digit of 5360822?
0
What is the hundreds digit of 887407?
4
What is the thousands digit of 1183235?
3
What is the tens digit of 8450112?
1
What is the units digit of 422771?
1
What is the hundred thousands digit of 1630811?
6
What is the hundred thousands digit of 1283725?
2
What is the hundreds digit of 18328393?
3
What is the hundreds digit of 3393887?
8
What is the ten thousands digit of 303360?
0
What is the hundreds digit of 1045253?
2
What is the ten thousands digit of 52188?
5
What is the hundreds digit of 930797?
7
What is the ten thousands digit of 1967901?
6
What is the ten thousands digit of 266380?
6
What is the millions digit of 4728018?
4
What is the units digit of 2271694?
4
What is the hundreds digit of 276641?
6
What is the hundred thousands digit of 155101?
1
What is the units digit of 122673?
3
What is the tens digit of 875951?
5
What is the ten thousands digit of 292000?
9
What is the hundreds digit of 8648767?
7
What is the thousands digit of 3006230?
6
What is the thousands digit of 837820?
7
What is the hundreds digit of 14889863?
8
What is the tens digit of 3498642?
4
What is the ten thousands digit of 21235?
2
What is the hundred thousands digit of 32352692?
3
What is the hundred thousands digit of 268981?
2
What is the thousands digit of 35746?
5
What is the tens digit of 424838?
3
What is the tens digit of 834908?
0
What is the thousands digit of 1905581?
5
What is the tens digit of 168737?
3
What is